 is 1101110001110101001 + 101010?
1101110001111010011
In base 8, what is 66705 - -1053?
67760
In base 15, what is e0 + d3a?
e2a
In base 12, what is -42 - -5ab7b?
5ab39
In base 4, what is -12031322203 - 0?
-12031322203
In base 3, what is 12001122201011222 - -22?
12001122201012021
In base 14, what is 5 - 2226bab?
-2226ba6
In base 14, what is a6cda5 + -2?
a6cda3
In base 16, what is 2 + -a23f208?
-a23f206
In base 2, what is 101111010 - 11011101110010?
-11010111111000
In base 14, what is 3016 - 898?
255c
In base 6, what is -231335353 + 1?
-231335352
In base 14, what is -5998b42d - -2?
-5998b42b
In base 9, what is -4 - 25175440?
-25175444
In base 12, what is -ab - -86327b?
863190
In base 16, what is b0491 + -e?
b0483
In base 13, what is -8c36c9 - 23?
-8c371c
In base 7, what is -3214 + 230112?
223565
In base 14, what is -162c1a753 + 2?
-162c1a751
In base 8, what is 1064 - -453?
1537
In base 7, what is 615420 + 1145?
616565
In base 5, what is 33014100440 + 10?
33014101000
In base 11, what is -1927196 + 4?
-1927192
In base 13, what is -47484a + -4?
-474851
In base 15, what is 38bb276 + 8?
38bb27e
In base 8, what is -1165102315 - 0?
-1165102315
In base 4, what is -1110313122022 + 11?
-1110313122011
In base 14, what is 0 + -dd1314a?
-dd1314a
In base 9, what is 40 + 6350221?
6350261
In base 13, what is -122a493 + 1b?
-122a475
In base 2, what is 100 - 10101110101011010?
-10101110101010110
In base 5, what is 324323 + -110410?
213413
In base 5, what is -3101212331404 + -4?
-3101212331413
In base 7, what is 1 - -122115641?
122115642
In base 7, what is 15410 + 26156?
44566
In base 8, what is 330 - 60352?
-60022
In base 13, what is 12 + -26966c?
-26965a
In base 3, what is 202022 + -1120110222?
-1112201200
In base 5, what is 23313304 - -44?
23313403
In base 11, what is -3 - -22901?
228a9
In base 7, what is 120546564 + 1?
120546565
In base 6, what is 11 - 34450305?
-34450254
In base 11, what is -1 - 820519?
-82051a
In base 5, what is 210312 - 114330?
40432
In base 13, what is 1a1 - 68c?
-4bb
In base 8, what is 11 + 3125463?
3125474
In base 2, what is -101 + -1011110011010010?
-1011110011010111
In base 7, what is 1622 + 155540?
160462
In base 11, what is -64092428 + -4?
-64092431
In base 5, what is 431 - 11204120?
-11203134
In base 8, what is 177174624 + 5?
177174631
In base 5, what is -11 + 12433044?
12433033
In base 9, what is -550361 + -42?
-550413
In base 10, what is -87026851 + 2?
-87026849
In base 11, what is -7 + 37173175?
37173169
In base 13, what is -6aa33545 - 0?
-6aa33545
In base 5, what is 3222324 - 34?
3222240
In base 11, what is -8701904 - -5?
-87018aa
In base 12, what is 59901 + 856?
5a557
In base 16, what is -2425 + be4?
-1841
In base 15, what is 37ee6 + -a26?
374c0
In base 10, what is -10022337 + -7?
-10022344
In base 8, what is -211472203 - 2?
-211472205
In base 12, what is 105455b - -6?
1054565
In base 7, what is -5 + 3461461?
3461453
In base 12, what is 18 + -1895366?
-189534a
In base 16, what is -fd832 - -8?
-fd82a
In base 3, what is 1101122121101 - 2201?
1101122111200
In base 5, what is 4241 + -24230010?
-24220214
In base 7, what is 510644503 - -3?
510644506
In base 2, what is 1101110001101101 - -1011101?
1101110011001010
In base 4, what is -3031032 - 21003111?
-30100203
In base 4, what is -200313212133130 - 11?
-200313212133201
In base 4, what is -20313211 - 3232?
-20323103
In base 5, what is 4 + 10320220222?
10320220231
In base 11, what is 5aa301a + -25?
5aa2aa5
In base 2, what is 110011010101 + -110110000001?
-10101100
In base 12, what is -3 + 1359810?
1359809
In base 7, what is -61234304 + -12?
-61234316
In base 9, what is 5852846 + 2?
5852848
In base 12, what is -6508 + 44?
-6484
In base 3, what is 100020202200012122 + -2?
100020202200012120
In base 8, what is -3 + 730652?
730647
In base 3, what is 1210010221122200 - -1000?
1210010221200200
In base 7, what is 33230044 + -62?
33226652
In base 9, what is 7381 - 38174?
-30683
In base 14, what is -7b739 + -a4?
-7b7dd
In base 15, what is 14 - 7bd499?
-7bd485
In base 6, what is 13503520 - -12531?
13520451
In base 8, what is 5653515 + 5?
5653522
In base 15, what is -ae + 61ce?
6120
In base 2, what is -110000001001100 - -1000101001?
-101111000100011
In base 5, what is 3004 - 301322212?
-301314203
In base 15, what is 0 + -2b0dc24?
-2b0dc24
In base 3, what is -222120100121020122 - -1?
-222120100121020121
In base 4, what is -103203 - 132120323?
-132230132
In base 12, what is -1876 + -25720?
-27396
In base 9, what is 32122785 + -10?
32122775
In base 12, what is 152524 + 59?
152581
In base 5, what is 44 + 1143032032?
1143032131
In base 12, what is 1 + 29b860?
29b861
In base 12, what is -a547417 - 4?
-a54741b
In base 10, what is -54364 - 482?
-54846
In base 14, what is -d - -6c930?
6c921
In base 2, what is -101110111110111 - -1100000?
-101110110010111
In base 2, what is -1100000010011010000000 + -10011?
-1100000010011010010011
In base 9, what is -35744 + 1443?
-34301
In base 15, what is 3022 - 188c?
1685
In base 5, what is 44 + 23123003444?
23123004043
In base 16, what is -5e5 - 677b?
-6d60
In base 4, what is 31 - -1120200203?
1120200300
In base 15, what is 3b9a + -154a?
2650
In base 13, what is -21949 - 17?
-21963
In base 7, what is 31346224 - 1?
31346223
In base 16, what is -8c15a5 - -35?
-8c1570
In base 4, what is 1122111 + -31022213?
-23300102
In base 10, what is -2990 - 3995?
-6985
In base 13, what is 5 - -48c189?
48c191
In base 10, what is 2 + -143514012?
-143514010
In base 16, what is 9ccc + -7f?
9c4d
In base 13, what is 38c72a - 25?
38c705
In base 11, what is 7831 - -1308?
9039
In base 16, what is 6c + -bde7?
-bd7b
In base 3, what is 10002021221 - -22111?
10002121102
In base 7, what is -36325010 - 220?
-36325230
In base 3, what is 1 + 12101020022112202?
12101020022112210
In base 16, what is -1c5bb + 994?
-1bc27
In base 4, what is -3310002 + 10322?
-3233020
In base 4, what is -22312031 + -10120?
-22322211
In base 7, what is 100 - 1652646?
-1652546
In base 10, what is -170581 + -1647?
-172228
In base 9, what is 173170874 + -5?
173170868
In base 16, what is -5317c - 142?
-532be
In base 10, what is 8 - -449170?
449178
In base 9, what is 1 - -171143217?
171143218
In base 3, what is 221220 + 1120002002?
1121000222
In base 8, what is -2007456 + 442?
-2007014
In base 6, what is -3 - -12142254?
12142251
In base 6, what is -325313205 - -44?
-325313121
In base 16, what is -1f7 - c5c1b?
-c5e12
In base 6, what is 203014102421 - 1?
203014102420
In base 12, what is -48 - -406532?
4064a6
In base 2, what is 1 - -100111110001010011110?
100111110001010011111
In base 8, what is -71523406 + 2?
-71523404
In base 13, what is a666 - -32?
a698
In base 16, what is 76 + -b2145?
-b20cf
In base 11, what is -5 - 37961790?
-37961795
In base 7, what is -514115 - -1122?
-512663
In base 3, what is -20101002 - 21?
-20101100
In base 5, what is 3042 - 21120021?
-21111424
In base 9, what is -273426533 + 2?
-273426531
In base 7, what is -2 - -1260432353?
1260432351
In base 13, what is -4 + 41b4c5b?
41b4c57
In base 9, what is 4 - 317423237?
-317423233
In base 15, what is 1 + -9044d?
-9044c
In base 6, what is -20202302 - 31?
-20202333
In base 10, what is -51 - 431429?
-431480
In base 8, what is 434015 + 762?
434777
In base 6, what is 10505132 + -124?
10505004
In base 10, what is -788 + 26721?
25933
In base 13, what is -b7640 - -4?
-b7639
In base 4, what is -203023 + 33313?
-103110
In base 14, what is 84 - -62cc7?
62d6b
In base 5, what is -112414 + 1221?
-111143
In base 14, what is -2d - -764a?
761b
In base 7, what is -3464 + 2604644?
2601150
In base 16, what is -4 + 17b53e?
17b53a
In base 16, what is 1 + -5f67887?
-5f67886
In base 6, what is 100313054232 - -2?
100313054234
In base 4, what is 1021 - 310313232?
-310312211
In base 16, what is -c2 - c326?
-c3e8
In base 16, what is 2f + -9a5?
-976
In base 12, what is 66a7a4 - -40?
66a824
In base 8, what is 122677230 + -2?
122677226
In base 15, what is -e1db - 15?
-e201
In base 3, what is -2102110012 - -1020122?
-2101012120
In base 6, what is 14333023544 + 1?
14333023545
In base 9, what is -10611752 + 0?
-10611752
In base 2, what is -11000101 + -1001111011011011?
-1001111110100000
In base 3, what is -2 - -10120112200020?
10120112200011
In base 9, what is 70126 + -11640?
57376
In base 